 - 7*p**2 + 9*p + 2. Calculate a(-7).
-61
Let o(w) = w**2 + 7*w - 116. Calculate o(-17).
54
Let w(n) = -13*n**2 - 2*n + 70. What is w(7)?
-581
Let i(c) = -5*c**3 - 28*c**2 - 3*c - 34. Determine i(-7).
330
Let l(u) = 2*u**2 + 194*u - 3521. What is l(17)?
355
Let i(s) = 38*s - 617. What is i(12)?
-161
Let w(h) = 2*h**3 - 4*h**2 - 71*h - 161. Determine w(-3).
-38
Let b(n) = 32*n**3 + 199*n**2 + 31*n - 3. Give b(-6).
63
Let t(v) = -v**3 - 19*v**2 - 26*v - 26. What is t(-18)?
118
Let o(m) = 8*m**2 - 161*m + 58. Determine o(20).
38
Let l(u) = 30*u + 333. What is l(-11)?
3
Let x(z) = 12*z**2 - 334*z - 56. What is x(28)?
0
Let q(f) = 2*f**3 + 301*f**2 + 10661*f + 116. What is q(-57)?
2
Let d(x) = -218*x**2 - 847*x + 2. Give d(-4).
-98
Let u(g) = 150*g + 725. What is u(-5)?
-25
Let w(q) = -2*q**3 - 15*q**2 - 22*q - 122. What is w(-7)?
-17
Let l(y) = -20*y**2 + 268*y - 260. Determine l(1).
-12
Let l(x) = -88*x - 18146. Calculate l(-206).
-18
Let y(w) = 1015*w - 156316. Give y(154).
-6
Let g(x) = x**3 - 50*x**2 - 46*x - 244. What is g(51)?
11
Let q(z) = 35*z + 393. Determine q(-10).
43
Let q(k) = -3*k**3 + 42*k**2 + 360*k - 1. Calculate q(20).
-1
Let c(n) = 17*n**2 - 24*n + 23. What is c(1)?
16
Let i(y) = -3*y**3 + 9*y**2 - 9*y + 17. Calculate i(4).
-67
Let z(v) = -v**3 - 27*v**2 + 23*v - 2. Calculate z(-28).
138
Let p(i) = -7*i**2 - 35*i + 19. What is p(2)?
-79
Let q(w) = 39*w**2 - 1887*w + 716. Calculate q(48).
-4
Let o(q) = -7*q**2 + 50*q - 17. Determine o(9).
-134
Let u(a) = 400*a + 19993. What is u(-50)?
-7
Let t(g) = -g**2 - 14*g - 88. Give t(12).
-400
Let b(f) = -25*f - 881. What is b(-35)?
-6
Let o(n) = -4*n**3 + 282*n**2 - 683*n + 167. What is o(68)?
-37
Let n(c) = -c**3 - 14*c**2 + 3*c + 396. What is n(-11)?
0
Let i(p) = -3*p**3 - 260*p**2 + 97*p + 897. What is i(-87)?
27
Let c(m) = -m**2 + 5*m - 27. Give c(7).
-41
Let o(z) = z**2 + 34*z - 26. Determine o(-39).
169
Let l(x) = x**2 + 30*x + 216. What is l(-10)?
16
Let s(y) = -5*y - 33. Calculate s(-23).
82
Let u(p) = -106*p**3 - 7*p**2 - 3*p + 2. Give u(-1).
104
Let m(x) = -40*x - 1644. Calculate m(-40).
-44
Let a(r) = r**2 + 125*r + 3920. Determine a(-66).
26
Let z(r) = -r**3 + 3*r**2 - 8*r - 24. Give z(0).
-24
Let m(b) = -b**2 - 6*b - 6. Calculate m(-12).
-78
Let q(y) = 608*y - 3577. Calculate q(6).
71
Let r(c) = c**3 + 2*c**2 - 33*c + 32. What is r(5)?
42
Let q(w) = 4*w**2 + 92*w - 7017. Determine q(-55).
23
Let s(h) = h**2 - 24*h + 138. Give s(13).
-5
Let n(r) = 54*r - 1245. Give n(20).
-165
Let i(t) = 147*t - 32048. What is i(218)?
-2
Let o(c) = 31*c**2 - 43*c + 38. Determine o(1).
26
Let y(c) = 12*c - 340. Calculate y(9).
-232
Let t(q) = q**2 + 27*q + 129. Determine t(-22).
19
Let c(l) = -l**3 + 3*l**2 + 36*l - 6. Give c(7).
50
Let f(t) = -6*t**2 + 89*t - 337. Give f(7).
-8
Let f(n) = -305*n + 2071. Give f(7).
-64
Let j(n) = -n**3 - 3*n**2 + 15*n + 14. Determine j(-5).
-11
Let d(n) = -4*n**3 + 36*n**2 - 3*n + 11. Determine d(0).
11
Let y(f) = f**2 - 24*f - 87. Determine y(-3).
-6
Let j(b) = b**3 - 84*b**2 - 269*b + 714. Determine j(87).
18
Let k(m) = 71*m - 7089. Determine k(100).
11
Let u(s) = -s**3 - 33*s**2 + 73*s + 2399. Give u(-33).
-10
Let q(o) = -277*o + 530. Give q(2).
-24
Let p(a) = 529*a - 5180. Give p(10).
110
Let m(t) = t**2 + 110*t + 533. What is m(-5)?
8
Let t(u) = u**2 + 88*u + 498. Calculate t(-6).
6
Let j(p) = -61*p + 662. Give j(9).
113
Let b(o) = 464*o + 4899. What is b(-11)?
-205
Let r(z) = -2*z**3 - 5*z**2 - 40*z + 149. Calculate r(3).
-70
Let p(v) = v**2 + 36*v + 391. Calculate p(-11).
116
Let m(i) = -4*i**3 - 2*i**2 - 8*i + 24. Give m(2).
-32
Let l(w) = w**3 - 64*w**2 + 62*w - 109. Calculate l(63).
-172
Let r(u) = -2*u**3 + 2*u**2 + 26*u + 66. Calculate r(-3).
60
Let j(g) = -g**3 + 47*g**2 - 277*g - 133. Calculate j(40).
-13
Let m(p) = -15*p**2 - 179*p + 1621. Give m(6).
7
Let l(c) = -4*c**2 - 17*c + 2284. What is l(-26)?
22
Let b(k) = -k**3 + 27*k**2 - 4*k + 85. Give b(27).
-23
Let b(f) = -f**3 - 27*f**2 + 162*f + 30. Calculate b(-32).
-34
Let d(k) = 224*k**2 + 5*k + 7. What is d(1)?
236
Let t(c) = -66*c**3 + 4*c**2 + 4*c + 1. Calculate t(-1).
67
Let x(c) = -18*c**2 - 5*c - 25. Determine x(-3).
-172
Let q(p) = 2*p**2 + 24951*p - 99841. Give q(4).
-5
Let j(v) = 64*v**2 + 1663*v - 10. Calculate j(-26).
16
Let p(a) = -a**3 + 159*a**2 - 900*a - 2782. Determine p(153).
-28
Let p(s) = 18*s**3 - 3*s**2 + 40*s + 41. Determine p(-1).
-20
Let b(n) = n**2 - 624*n + 20038. What is b(34)?
-22
Let d(f) = 2*f**3 - 85*f**2 + 45*f - 119. Calculate d(42).
7
Let l(c) = -c**2 + 38*c - 263. Give l(9).
-2
Let u(n) = 377*n + 16959. Give u(-45).
-6
Let o(z) = -z**3 - 77*z**2 - 1375*z - 78. Determine o(-28).
6
Let r(z) = -6*z - 20. What is r(-3)?
-2
Let c(n) = -8*n**3 - 53*n**2 - 24*n + 13. What is c(-6)?
-23
Let o(i) = -i**3 - 6*i**2 + 8. Calculate o(-7).
57
Let x(m) = 838*m + 10903. Calculate x(-13).
9
Let l(h) = -2*h**3 - 3*h - 511. Determine l(0).
-511
Let t(c) = -153*c + 3855. Give t(26).
-123
Let a(r) = -982*r**2 + 5899*r - 49. Give a(6).
-7
Let c(d) = d**2 - d - 184. Give c(7).
-142
Let i(l) = -2*l**2 + 286*l + 1787. Calculate i(-6).
-1
Let g(z) = 50*z + 971. What is g(-20)?
-29
Let n(g) = 108*g - 2512. Give n(23).
-28
Let d(x) = -497*x + 3658. Give d(7).
179
Let m(z) = -302*z - 28081. What is m(-93)?
5
Let a(z) = -4*z**3 + z**2 - 6*z - 2. Determine a(0).
-2
Let n(d) = d**3 + 5*d**2 + 6*d + 42. Determine n(-5).
12
Let r(t) = -10*t - 466. Determine r(-30).
-166
Let n(g) = -2*g**3 - 158*g**2 - 2199*g - 55. Give n(-18).
-1
Let z(w) = -w**3 - 17*w**2 - 42*w + 42. Give z(-14).
42
Let z(y) = y**3 - 73*y**2 + 4*y - 300. What is z(73)?
-8
Let p(o) = 2*o**3 - 6*o**2 - 6*o + 32. What is p(4)?
40
Let t(r) = -14*r**2 - 4*r + 7. Give t(4).
-233
Let u(h) = h**3 + 201*h**2 + 2265*h - 45. What is u(-12)?
-9
Let j(m) = 3*m**3 + 111*m**2 - 93*m + 800. What is j(-38)?
2
Let r(h) = -2*h**3 + 4*h**2 + 52*h - 108. Give r(2).
-4
Let l(v) = 24*v**3 + 9*v**2 - 20*v + 3. Give l(2).
191
Let b(u) = -u**2 - 44*u - 250. Determine b(-35).
65
Let l(k) = -k**2 - 166*k - 2938. Determine l(-146).
-18
Let l(c) = 35*c - 1172. Calculate l(34).
18
Let g(s) = -73*s**2 + 76*s - 1. What is g(1)?
2
Let j(y) = 145*y + 866. Calculate j(-6).
-4
Let y(i) = i**3 + 23*i**2 + 673*i + 16722. What is y(-24)?
-6
Let u(n) = 5*n - 23. Determine u(23).
92
Let b(t) = -t**3 + 8*t**2 + 16*t - 106. Determine b(9).
-43
Let q(d) = -133*d - 2252. What is q(-17)?
9
Let a(z) = 84*z + 378. Determine a(-8).
-294
Let x(y) = -6*y**2 - 267*y - 1066. Give x(-4).
-94
Let s(h) = -406*h**2 + 18*h + 17. What is s(-1)?
-407
Let n(u) = 6*u**3 + 94*u**2 + 268*u + 43. Give n(-12).
-5
Let v(h) = 4*h**3 - 6. Calculate v(0).
-6
Let g(a) = 2*a**2 - 17*a - 17. Determine g(8).
-25
Let m(b) = 3*b**2 + 33*b + 102. Give m(-6).
12
Let y(c) = c**3 - 66*c**2 - 131*c - 415. Calculate y(68).
-75
Let g(l) = 336*l + 1277. Give g(-3).
269
Let n(l) = 129*l - 1173. Give n(9).
-12
Let o(g) = 2478*g + 2457. Determine o(-1).
-21
Let k(b) = b**3 - 9*b**2 - 42*b + 297. Give k(10).
-23
Let s(r) = 11*r + 8. Determine s(-1).
-3
Let y(a) = -47*a**2 + 10*a - 11. What is y(1)?
-48
Let u(x) = -9*x - 128. Determine u(-6).
-74
Let u(o) = -o**3 + 4*o**2 + 164*o - 24. Give u(-11).
-13
Let s(u) = -11*u**2 + 53*u + 92. What is s(6)?
14
Let n(x) = -32*x + 3011. Calculate n(94).
3
Let u(m) = 2*m**3 - 3*m**2 + 292*m - 1253. Determine u(4).
-5
Let y(q) = -q**3 + 59*q**2 + 125*q - 194. Determine y(61).
-11
Let m(h) = -226*h + 10178. Determine m(45).
8
Let q(n) = -n**3 - 119*n**2 + 2472*n - 104. Determine q(18).
4
Let k(o) = -269*o + 6490. Give k(24).
34
Let p(u) = -6*u**2 + 3*u - 3. Determine p(3).
-48
Let l(s) = -3*s**3 + 17*s**2 - s - 50. Give l(5).
-5
Let w(n) = 2*n**3 - 5*n**2 + 109*n - 600. Give w(5).
70
Let c(i) = i**3 + 17*i**2 - 229*i - 55. What is c(9)?
-10
Let r(m) = 133*m**2 - 358*m - 358. Determine r(-1).
133
Let z(u) = -5*u**2 - 454*u + 78. What is z(-91)?
-13
Let n(g) = -30*g**2 + 286*g + 16. What is n(9)?
160
Let r(v) = 2*v**2 + 76*v + 879. Determine r(-17).
165
Let r(p) = p**3 + 49*p**2 + 46*p + 204. Give r(-48).
300
Let j(g) = -5*g**3 + 269*g**2 + 52*g + 73. What is j(54)?
-35
Let y(a) = -796*a**2 + 11. Calculate y(0).
11
Let s(j) = 109*j - 872. Determine s(8).
0
Let i(s) = -s**3 